highest common factor of 432 and q?
48
Let l be (-12)/(-9) + -16*(-4)/6. Calculate the greatest common divisor of l and 6624.
12
Suppose -44*d + 5*g = -49*d + 6390, 0 = d - g - 1282. Calculate the highest common factor of 160 and d.
160
Let n(f) = -f**3 - 21*f**2 - 23*f - 50. Let c be n(-20). Let g(j) = 59*j - 3. Let z be g(2). Calculate the greatest common factor of z and c.
5
Suppose -4*b = 4*n - 105 + 29, 3*b - n = 53. What is the greatest common divisor of b and 2826?
18
Let h(l) = -108*l + 67. Let y be h(-6). Calculate the highest common factor of y and 195.
65
Suppose 21*u + 75 - 789 = 0. Calculate the highest common factor of 374 and u.
34
Let o = 11 - 46. Let n = -15 - o. Suppose 13*s - 11*s - 100 = 0. Calculate the highest common divisor of n and s.
10
Let r(k) = 57*k + 294. Let l be r(-5). Let m be (1 - -1)/((-4)/(-18)). What is the greatest common factor of l and m?
9
Let i(u) = u**3 + 2*u**2 - 22*u + 16. Let v be i(-6). Suppose -v*g - 32 = -3*n + 68, -n + g + 33 = 0. Calculate the greatest common divisor of 512 and n.
32
Let k(s) = -10*s**3 + 5*s**2 - 3*s - 13. Let r be k(3). Let v = 277 + r. Suppose -h = -14 - 16. Calculate the highest common factor of v and h.
30
Suppose -104*d + 168292 - 10108 = 0. What is the greatest common divisor of d and 52?
13
Let g(h) = -h**3 - 13*h**2 + 29*h - 4. Let c be g(-15). Suppose c*r - 685 - 6476 = 0. What is the highest common divisor of 21 and r?
21
Suppose 0 = 3*p - 2*u - 88, -18*p + 23*p = -2*u + 88. Let g(w) = 78*w - 1. Let r be g(1). What is the highest common divisor of r and p?
11
Let p = 198 - -18. Suppose 0*n - 7*n - 378 = 0. Let q be n*((-8)/(-20))/(4/(-5)). Calculate the greatest common factor of q and p.
27
Let u = 2385 + -2319. Calculate the greatest common divisor of u and 30.
6
Suppose -4*h - 4*k = -51 - 41, 0 = k + 5. Let m(d) = -16*d - 204. Let q be m(-13). Calculate the greatest common factor of q and h.
4
Let n = -2264 + 3499. Calculate the highest common divisor of 130 and n.
65
Let j = -7 - -9. Suppose 0 = 3*h - j*h - 10. Let a(u) = -2*u + 24. Let s be a(h). Calculate the highest common factor of s and 2.
2
Let m be 16*10/560*140. Calculate the greatest common factor of 655 and m.
5
Let x = -15 + 25. Suppose 520 + 680 = 19*y + 29*y. Calculate the greatest common divisor of x and y.
5
Let k = 13 + -3. Let t(v) = -v**3 - 13*v**2 + 18*v + 21. Let i be t(-14). Let a = i + 45. What is the highest common factor of k and a?
10
Suppose 2*f = -1 - 3, -5*k + 2*f + 3219 = 0. Let i = 687 - k. Calculate the highest common divisor of i and 44.
44
Suppose -i + 2*o + 120 = 0, o + 508 = -33*i + 37*i. What is the greatest common divisor of i and 1424?
16
Let s = -3979 - -5139. What is the greatest common factor of 30 and s?
10
Let x(n) = -241*n**3 + 2*n**2 - n. Let c be x(1). Let k = 345 + c. Suppose -k = -6*p - 33. What is the highest common divisor of 6 and p?
6
Let i(l) = 39*l**3 + 14*l**2 - 49*l - 12. Let u be i(3). Calculate the highest common factor of 918 and u.
102
Let r = 4197 + -3177. Calculate the highest common divisor of 75 and r.
15
Let a = -187 - -256. Suppose -22 + 127 = 5*r + 5*c, 0 = -3*r + 3*c + a. What is the greatest common divisor of r and 33?
11
Let j be (-1 - 3) + (-59432)/(-1102) - 4/(-58). What is the greatest common factor of 370 and j?
10
Let r = -666 - -682. Suppose 16896 = 80*l - r*l. Calculate the highest common divisor of l and 99.
33
Let t be (-8 + (-2 - (-217)/(-21)))*-9. Calculate the greatest common factor of 3477 and t.
183
Let f = -15572 - -15617. Let p = 105 + 255. Calculate the greatest common divisor of p and f.
45
Suppose 10556 - 110785 - 644796 = -85*f. Calculate the highest common factor of f and 5.
5
Suppose 0 = 2*s - 7*s + 115. Let d = s - 21. Suppose 1 = 3*k - 53. What is the greatest common divisor of k and d?
2
Let p be (-3 + 1)/((1/(-17))/1). Calculate the greatest common divisor of p and 2822.
34
Let x(s) = -129*s**3 + 2*s + 1. Let w be x(-1). Suppose 89*i - 39 = 50*i. Let r be (12 - i - (-12 + 12)) + 5. Calculate the highest common factor of r and w.
16
Let r = 242 - 230. Suppose 41 + 31 = r*u. Calculate the highest common divisor of u and 1.
1
Let t = -395 + 602. Let j = -87 - -110. Calculate the highest common divisor of t and j.
23
Let i(v) = 56*v - 3906. Let l be i(71). Calculate the highest common divisor of 10990 and l.
70
Suppose -3*j + 70 = y, 0 = -2*j - 0*j - y + 48. Let g be (-3 + (-334)/6)/(83/(-249)). Calculate the highest common factor of g and j.
22
Let f be (-4 - (6/3 + -4))*(-924)/56. What is the highest common factor of f and 402?
3
Let a = -6707 - -6735. What is the highest common factor of 4382 and a?
14
Suppose 4*n - 1481 = -5*b, 0 = -5*n - 31 + 1. Calculate the highest common factor of 84 and b.
7
Let b be (0 + (14 - 8))/(6/4). Suppose -1067 - 1525 = -b*j - 2*y, 2*j = -4*y + 1308. What is the highest common divisor of j and 38?
38
Let f(m) = 4304*m**2 + 11*m - 7*m + 0*m - 7 + 3. Let p be f(1). Let a be p/28 - ((-5)/(-7) - 1). Calculate the highest common factor of a and 14.
14
Let u(w) = -w + 7 + 0 - 2 + 2. Let h be u(0). Let r = -73 - -143. What is the greatest common divisor of h and r?
7
Let f(b) = b**3 + 11*b**2 - 61*b - 648. Let v be f(-8). Calculate the greatest common divisor of 44 and v.
4
Let h(v) be the third derivative of v**5/20 - 19*v**4/12 - 13*v**3/3 - 52*v**2 - v. Let f be h(14). What is the highest common factor of 690 and f?
30
Let o(i) = -i**3 - 2*i**2 - 18*i - 117. Let h be o(-7). Calculate the greatest common factor of h and 18.
2
Suppose -n = 4*c - 15, 5*n + 30 = 5*c - 20. Let i be 47 + (8/(-2) - n). Suppose 330 = 6*f - i. What is the greatest common factor of 7 and f?
7
Let w = 134 - 210. Let n = -17 - w. Let d = 10 + n. What is the greatest common divisor of 23 and d?
23
Let j = 1 + 1. Let t be (-123)/(-6) + j/4. Let m = 2815 - 2605. What is the highest common factor of m and t?
21
Let g(s) = -s**3 + 9*s**2 - 8*s - 5. Let k be g(6). Let t be -4 - -60 - 1 - (-21 + 38 + -17). Calculate the greatest common divisor of t and k.
55
Let g(y) = -5*y**2 + 22*y - 1. Let r be g(5). Let k(h) = -25*h + 237. Let c be k(r). Calculate the highest common factor of c and 49.
49
Let r = 21 - 24. Let t(v) = -4*v + 3. Let q be t(r). Suppose q = 21*z - 16*z. What is the highest common divisor of z and 12?
3
Let i(u) = 6*u**3 - 2*u**2 + 52*u - 170. Let q be i(4). What is the greatest common divisor of q and 66?
6
Let r(s) = -4*s - 61. Let y be r(-16). Suppose y*x + 5*w - 256 = 146, 3*x - 390 = -w. What is the greatest common factor of x and 43?
43
Suppose -7*q = -11*q - 5*x + 4, -5*x - 50 = -5*q. Let h be 2 + (-87)/(-6) + 9/q. What is the highest common factor of 171 and h?
9
Let p be (0 + -1)*2 - -4. Suppose -3*b + 43 - 2 = -q, p*b + 1 = -5*q. Suppose -b = -5*m + 8. What is the highest common divisor of m and 16?
4
Let m(q) = -13*q - 39. Let o be m(-12). What is the greatest common factor of o and 1443?
39
Let o = -531 + 333. Let v = o - -223. What is the highest common factor of 1 and v?
1
Suppose 0 = -32*t + 28*t - 13619 + 62387. Calculate the highest common factor of 192 and t.
96
Suppose 6655 = s - 4*d, 2*s - 5*d - 14516 = -1197. Calculate the highest common factor of s and 113.
113
Let n be (1 - (1 + -2) - 3) + 161. Let o = -50 + 61. Suppose o*v - 15*v + 128 = 0. What is the highest common divisor of v and n?
32
Suppose -14*r - 2584 = 13*r - 35*r. What is the highest common divisor of 437 and r?
19
Let w = -4422 - -5665. What is the highest common divisor of 452 and w?
113
Let x = -16 - -55. Let l = 292 + -240. What is the highest common divisor of l and x?
13
Suppose 10*v + 138 = 4*k, 5*k + 7 = -v + 274. What is the greatest common divisor of 1235 and k?
13
Let i = -37 - -32. Let a be 1 - (-1 - -1) - (-5)/i. Suppose -9*k + 7*k + 216 = a. Calculate the highest common factor of 12 and k.
12
Suppose -79*p - 5*m = -80*p + 12057, -2*m - 24106 = -2*p. What is the highest common divisor of p and 46?
46
Let n(q) = 77*q - 2439. Let j be n(82). What is the highest common factor of j and 310?
155
Suppose -19 = -2*q + 197. Let n = 106 + -68. Suppose 4*z - n - 106 = 0. What is the greatest common divisor of z and q?
36
Let b(w) = -w**3 - 15*w**2 + 45*w + 19. Let i be b(-18). Suppose 25*u - 119 - i = 0. What is the greate